{"id":123,"date":"2025-08-08T16:31:52","date_gmt":"2025-08-08T21:31:52","guid":{"rendered":"https:\/\/integracion.cordemo.org\/baloncestom\/?page_id=123"},"modified":"2025-08-17T17:58:47","modified_gmt":"2025-08-17T22:58:47","slug":"2025-2","status":"publish","type":"page","link":"https:\/\/integracion.cordemo.org\/baloncestom\/","title":{"rendered":"2025"},"content":{"rendered":"<p><img loading=\"lazy\" decoding=\"async\" class=\"alignnone size-full wp-image-120\" src=\"https:\/\/integracion.cordemo.org\/baloncestom\/wp-content\/uploads\/sites\/3\/2025\/08\/VI-juegos-2025.jpg\" alt=\"\" width=\"2496\" height=\"1132\" srcset=\"https:\/\/integracion.cordemo.org\/baloncestom\/wp-content\/uploads\/sites\/3\/2025\/08\/VI-juegos-2025.jpg 2496w, https:\/\/integracion.cordemo.org\/baloncestom\/wp-content\/uploads\/sites\/3\/2025\/08\/VI-juegos-2025-300x136.jpg 300w, https:\/\/integracion.cordemo.org\/baloncestom\/wp-content\/uploads\/sites\/3\/2025\/08\/VI-juegos-2025-1024x464.jpg 1024w, https:\/\/integracion.cordemo.org\/baloncestom\/wp-content\/uploads\/sites\/3\/2025\/08\/VI-juegos-2025-768x348.jpg 768w, https:\/\/integracion.cordemo.org\/baloncestom\/wp-content\/uploads\/sites\/3\/2025\/08\/VI-juegos-2025-1536x697.jpg 1536w, https:\/\/integracion.cordemo.org\/baloncestom\/wp-content\/uploads\/sites\/3\/2025\/08\/VI-juegos-2025-2048x929.jpg 2048w, https:\/\/integracion.cordemo.org\/baloncestom\/wp-content\/uploads\/sites\/3\/2025\/08\/VI-juegos-2025-128x58.jpg 128w, https:\/\/integracion.cordemo.org\/baloncestom\/wp-content\/uploads\/sites\/3\/2025\/08\/VI-juegos-2025-32x15.jpg 32w\" sizes=\"auto, (max-width: 2496px) 100vw, 2496px\" \/><\/p>\n<div class=\"resultados-bloque\">\n<h2 class=\"titulo-podio\">Podio Baloncesto Masculino<\/h2>\n<div class=\"contenedor\">\n<div class=\"card\">\n      <img decoding=\"async\" src=\"https:\/\/integracion.cordemo.org\/baloncestom\/wp-content\/uploads\/sites\/3\/2025\/08\/san-andres.png\" alt=\"San Andr\u00e9s\"><\/p>\n<h3>SAN ANDR\u00c9S<\/h3>\n<p>Campe\u00f3n<\/p>\n<\/p><\/div>\n<div class=\"card\">\n      <img decoding=\"async\" src=\"https:\/\/integracion.cordemo.org\/baloncestom\/wp-content\/uploads\/sites\/3\/2025\/08\/epm-med.jpg\" alt=\"Epm-Medell\u00edn\"><\/p>\n<h3>EPM-MED<\/h3>\n<p>Subcampe\u00f3n<\/p>\n<\/p><\/div>\n<div class=\"card\">\n      <img decoding=\"async\" src=\"https:\/\/integracion.cordemo.org\/baloncestom\/wp-content\/uploads\/sites\/3\/2025\/08\/cartagena.png\" alt=\"Cartagena\"><\/p>\n<h3>CARTAGENA<\/h3>\n<p>Tercer puesto<\/p>\n<\/p><\/div>\n<\/p><\/div>\n<\/div>\n<p><!-- Fuente Oswald -->\n<link href=\"https:\/\/fonts.googleapis.com\/css2?family=Oswald:wght@400;600&#038;display=swap\" rel=\"stylesheet\">\n<div class=\"sportspress sp-widget-align-none\"><h4 class=\"sp-table-caption\">Primera Fecha<\/h4><div class=\"sp-template sp-template-event-blocks\">\n\t<div class=\"sp-table-wrapper\">\n\t\t<table class=\"sp-event-blocks sp-data-table\n\t\t\t\t\t sp-paginated-table\" data-sp-rows=\"5\">\n\t\t\t<thead><tr><th><\/th><\/tr><\/thead> \t\t\t<tbody>\n\t\t\t\t\t\t\t\t\t<tr class=\"sp-row sp-post alternate\" itemscope itemtype=\"http:\/\/schema.org\/SportsEvent\">\n\t\t\t\t\t\t<td>\n\t\t\t\t\t\t\t\t\t\t\t\t\t\t<span class=\"team-logo logo-odd\" title=\"Epm\"><img loading=\"lazy\" decoding=\"async\" width=\"107\" height=\"128\" src=\"https:\/\/integracion.cordemo.org\/baloncestom\/wp-content\/uploads\/sites\/3\/2025\/08\/epm-med.jpg\" class=\"attachment-sportspress-fit-icon size-sportspress-fit-icon wp-post-image\" alt=\"\" \/><\/span> <span class=\"team-logo logo-even\" title=\"Cauca\"><img loading=\"lazy\" decoding=\"async\" width=\"114\" height=\"128\" src=\"https:\/\/integracion.cordemo.org\/baloncestom\/wp-content\/uploads\/sites\/3\/2025\/08\/cauca.png\" class=\"attachment-sportspress-fit-icon size-sportspress-fit-icon wp-post-image\" alt=\"\" \/><\/span>\t\t\t\t\t\t\t<time class=\"sp-event-date\" datetime=\"2025-08-14 15:00:18\" itemprop=\"startDate\" content=\"2025-08-14T15:00:18-05:00\">\n\t\t\t\t\t\t\t\t<a href=\"https:\/\/integracion.cordemo.org\/baloncestom\/event\/epm-vs-cauca\/\">14\/08\/2025<\/a>\t\t\t\t\t\t\t<\/time>\n\t\t\t\t\t\t\t\t\t\t\t\t\t\t<h5 class=\"sp-event-results\">\n\t\t\t\t\t\t\t\t<a href=\"https:\/\/integracion.cordemo.org\/baloncestom\/event\/epm-vs-cauca\/\"><span class=\"sp-result ok\">55<\/span> - <span class=\"sp-result\">22<\/span><\/a>\t\t\t\t\t\t\t<\/h5>\n\t\t\t\t\t\t\t\t\t\t\t\t\t\t\t\t\t\t\t\t\t\t\t\t\t\t\t\t\t\t\t\t\t\t\t\t<div style=\"display:none;\" class=\"sp-event-venue\" itemprop=\"location\" itemscope itemtype=\"http:\/\/schema.org\/Place\"><div itemprop=\"address\" itemscope itemtype=\"http:\/\/schema.org\/PostalAddress\">N\/A<\/div><\/div>\n\t\t\t\t\t\t\t\t\t\t\t\t\t\t<h4 class=\"sp-event-title\" itemprop=\"name\">\n\t\t\t\t\t\t\t\t<a href=\"https:\/\/integracion.cordemo.org\/baloncestom\/event\/epm-vs-cauca\/\">Epm vs Cauca<\/a>\t\t\t\t\t\t\t<\/h4>\n\t\t\t\t\t\t\t\n\t\t\t\t\t\t<\/td>\n\t\t\t\t\t<\/tr>\n\t\t\t\t\t\t\t\t\t\t<tr class=\"sp-row sp-post\" itemscope itemtype=\"http:\/\/schema.org\/SportsEvent\">\n\t\t\t\t\t\t<td>\n\t\t\t\t\t\t\t\t\t\t\t\t\t\t<span class=\"team-logo logo-odd\" title=\"San Andres\"><img loading=\"lazy\" decoding=\"async\" width=\"107\" height=\"128\" src=\"https:\/\/integracion.cordemo.org\/baloncestom\/wp-content\/uploads\/sites\/3\/2025\/08\/san-andres.png\" class=\"attachment-sportspress-fit-icon size-sportspress-fit-icon wp-post-image\" alt=\"\" \/><\/span> <span class=\"team-logo logo-even\" title=\"Cartagena\"><img loading=\"lazy\" decoding=\"async\" width=\"128\" height=\"128\" src=\"https:\/\/integracion.cordemo.org\/baloncestom\/wp-content\/uploads\/sites\/3\/2025\/08\/cartagena.png\" class=\"attachment-sportspress-fit-icon size-sportspress-fit-icon wp-post-image\" alt=\"\" \/><\/span>\t\t\t\t\t\t\t<time class=\"sp-event-date\" datetime=\"2025-08-14 18:00:50\" itemprop=\"startDate\" content=\"2025-08-14T18:00:50-05:00\">\n\t\t\t\t\t\t\t\t<a href=\"https:\/\/integracion.cordemo.org\/baloncestom\/event\/san-andres-vs-cartagena\/\">14\/08\/2025<\/a>\t\t\t\t\t\t\t<\/time>\n\t\t\t\t\t\t\t\t\t\t\t\t\t\t<h5 class=\"sp-event-results\">\n\t\t\t\t\t\t\t\t<a href=\"https:\/\/integracion.cordemo.org\/baloncestom\/event\/san-andres-vs-cartagena\/\"><span class=\"sp-result ok\">63<\/span> - <span class=\"sp-result\">33<\/span><\/a>\t\t\t\t\t\t\t<\/h5>\n\t\t\t\t\t\t\t\t\t\t\t\t\t\t\t\t\t\t\t\t\t\t\t\t\t\t\t\t\t\t\t\t\t\t\t\t<div style=\"display:none;\" class=\"sp-event-venue\" itemprop=\"location\" itemscope itemtype=\"http:\/\/schema.org\/Place\"><div itemprop=\"address\" itemscope itemtype=\"http:\/\/schema.org\/PostalAddress\">N\/A<\/div><\/div>\n\t\t\t\t\t\t\t\t\t\t\t\t\t\t<h4 class=\"sp-event-title\" itemprop=\"name\">\n\t\t\t\t\t\t\t\t<a href=\"https:\/\/integracion.cordemo.org\/baloncestom\/event\/san-andres-vs-cartagena\/\">San Andres vs Cartagena<\/a>\t\t\t\t\t\t\t<\/h4>\n\t\t\t\t\t\t\t\n\t\t\t\t\t\t<\/td>\n\t\t\t\t\t<\/tr>\n\t\t\t\t\t\t\t\t<\/tbody>\n\t\t<\/table>\n\t<\/div>\n\t<\/div>\n<\/div>\n<div class=\"sportspress sp-widget-align-none\"><h4 class=\"sp-table-caption\">Segunda Fecha<\/h4><div class=\"sp-template sp-template-event-blocks\">\n\t<div class=\"sp-table-wrapper\">\n\t\t<table class=\"sp-event-blocks sp-data-table\n\t\t\t\t\t sp-paginated-table\" data-sp-rows=\"5\">\n\t\t\t<thead><tr><th><\/th><\/tr><\/thead> \t\t\t<tbody>\n\t\t\t\t\t\t\t\t\t<tr class=\"sp-row sp-post alternate\" itemscope itemtype=\"http:\/\/schema.org\/SportsEvent\">\n\t\t\t\t\t\t<td>\n\t\t\t\t\t\t\t\t\t\t\t\t\t\t<span class=\"team-logo logo-odd\" title=\"Cartagena\"><img loading=\"lazy\" decoding=\"async\" width=\"128\" height=\"128\" src=\"https:\/\/integracion.cordemo.org\/baloncestom\/wp-content\/uploads\/sites\/3\/2025\/08\/cartagena.png\" class=\"attachment-sportspress-fit-icon size-sportspress-fit-icon wp-post-image\" alt=\"\" \/><\/span> <span class=\"team-logo logo-even\" title=\"Cauca\"><img loading=\"lazy\" decoding=\"async\" width=\"114\" height=\"128\" src=\"https:\/\/integracion.cordemo.org\/baloncestom\/wp-content\/uploads\/sites\/3\/2025\/08\/cauca.png\" class=\"attachment-sportspress-fit-icon size-sportspress-fit-icon wp-post-image\" alt=\"\" \/><\/span>\t\t\t\t\t\t\t<time class=\"sp-event-date\" datetime=\"2025-08-15 10:30:59\" itemprop=\"startDate\" content=\"2025-08-15T10:30:59-05:00\">\n\t\t\t\t\t\t\t\t<a href=\"https:\/\/integracion.cordemo.org\/baloncestom\/event\/cartagena-vs-cauca\/\">15\/08\/2025<\/a>\t\t\t\t\t\t\t<\/time>\n\t\t\t\t\t\t\t\t\t\t\t\t\t\t<h5 class=\"sp-event-results\">\n\t\t\t\t\t\t\t\t<a href=\"https:\/\/integracion.cordemo.org\/baloncestom\/event\/cartagena-vs-cauca\/\"><span class=\"sp-result ok\">24<\/span> - <span class=\"sp-result\">11<\/span><\/a>\t\t\t\t\t\t\t<\/h5>\n\t\t\t\t\t\t\t\t\t\t\t\t\t\t\t\t\t\t\t\t\t\t\t\t\t\t\t\t\t\t\t\t\t\t\t\t<div style=\"display:none;\" class=\"sp-event-venue\" itemprop=\"location\" itemscope itemtype=\"http:\/\/schema.org\/Place\"><div itemprop=\"address\" itemscope itemtype=\"http:\/\/schema.org\/PostalAddress\">N\/A<\/div><\/div>\n\t\t\t\t\t\t\t\t\t\t\t\t\t\t<h4 class=\"sp-event-title\" itemprop=\"name\">\n\t\t\t\t\t\t\t\t<a href=\"https:\/\/integracion.cordemo.org\/baloncestom\/event\/cartagena-vs-cauca\/\">Cartagena vs Cauca<\/a>\t\t\t\t\t\t\t<\/h4>\n\t\t\t\t\t\t\t\n\t\t\t\t\t\t<\/td>\n\t\t\t\t\t<\/tr>\n\t\t\t\t\t\t\t\t\t\t<tr class=\"sp-row sp-post\" itemscope itemtype=\"http:\/\/schema.org\/SportsEvent\">\n\t\t\t\t\t\t<td>\n\t\t\t\t\t\t\t\t\t\t\t\t\t\t<span class=\"team-logo logo-odd\" title=\"San Andres\"><img loading=\"lazy\" decoding=\"async\" width=\"107\" height=\"128\" src=\"https:\/\/integracion.cordemo.org\/baloncestom\/wp-content\/uploads\/sites\/3\/2025\/08\/san-andres.png\" class=\"attachment-sportspress-fit-icon size-sportspress-fit-icon wp-post-image\" alt=\"\" \/><\/span> <span class=\"team-logo logo-even\" title=\"Epm\"><img loading=\"lazy\" decoding=\"async\" width=\"107\" height=\"128\" src=\"https:\/\/integracion.cordemo.org\/baloncestom\/wp-content\/uploads\/sites\/3\/2025\/08\/epm-med.jpg\" class=\"attachment-sportspress-fit-icon size-sportspress-fit-icon wp-post-image\" alt=\"\" \/><\/span>\t\t\t\t\t\t\t<time class=\"sp-event-date\" datetime=\"2025-08-15 15:00:03\" itemprop=\"startDate\" content=\"2025-08-15T15:00:03-05:00\">\n\t\t\t\t\t\t\t\t<a href=\"https:\/\/integracion.cordemo.org\/baloncestom\/event\/san-andres-vs-epm\/\">15\/08\/2025<\/a>\t\t\t\t\t\t\t<\/time>\n\t\t\t\t\t\t\t\t\t\t\t\t\t\t<h5 class=\"sp-event-results\">\n\t\t\t\t\t\t\t\t<a href=\"https:\/\/integracion.cordemo.org\/baloncestom\/event\/san-andres-vs-epm\/\"><span class=\"sp-result ok\">58<\/span> - <span class=\"sp-result\">37<\/span><\/a>\t\t\t\t\t\t\t<\/h5>\n\t\t\t\t\t\t\t\t\t\t\t\t\t\t\t\t\t\t\t\t\t\t\t\t\t\t\t\t\t\t\t\t\t\t\t\t<div style=\"display:none;\" class=\"sp-event-venue\" itemprop=\"location\" itemscope itemtype=\"http:\/\/schema.org\/Place\"><div itemprop=\"address\" itemscope itemtype=\"http:\/\/schema.org\/PostalAddress\">N\/A<\/div><\/div>\n\t\t\t\t\t\t\t\t\t\t\t\t\t\t<h4 class=\"sp-event-title\" itemprop=\"name\">\n\t\t\t\t\t\t\t\t<a href=\"https:\/\/integracion.cordemo.org\/baloncestom\/event\/san-andres-vs-epm\/\">San Andres vs Epm<\/a>\t\t\t\t\t\t\t<\/h4>\n\t\t\t\t\t\t\t\n\t\t\t\t\t\t<\/td>\n\t\t\t\t\t<\/tr>\n\t\t\t\t\t\t\t\t<\/tbody>\n\t\t<\/table>\n\t<\/div>\n\t<\/div>\n<\/div>\n<div class=\"sportspress sp-widget-align-none\"><h4 class=\"sp-table-caption\">Tercera Fecha<\/h4><div class=\"sp-template sp-template-event-blocks\">\n\t<div class=\"sp-table-wrapper\">\n\t\t<table class=\"sp-event-blocks sp-data-table\n\t\t\t\t\t sp-paginated-table\" data-sp-rows=\"5\">\n\t\t\t<thead><tr><th><\/th><\/tr><\/thead> \t\t\t<tbody>\n\t\t\t\t\t\t\t\t\t<tr class=\"sp-row sp-post alternate\" itemscope itemtype=\"http:\/\/schema.org\/SportsEvent\">\n\t\t\t\t\t\t<td>\n\t\t\t\t\t\t\t\t\t\t\t\t\t\t<span class=\"team-logo logo-odd\" title=\"Epm\"><img loading=\"lazy\" decoding=\"async\" width=\"107\" height=\"128\" src=\"https:\/\/integracion.cordemo.org\/baloncestom\/wp-content\/uploads\/sites\/3\/2025\/08\/epm-med.jpg\" class=\"attachment-sportspress-fit-icon size-sportspress-fit-icon wp-post-image\" alt=\"\" \/><\/span> <span class=\"team-logo logo-even\" title=\"Cartagena\"><img loading=\"lazy\" decoding=\"async\" width=\"128\" height=\"128\" src=\"https:\/\/integracion.cordemo.org\/baloncestom\/wp-content\/uploads\/sites\/3\/2025\/08\/cartagena.png\" class=\"attachment-sportspress-fit-icon size-sportspress-fit-icon wp-post-image\" alt=\"\" \/><\/span>\t\t\t\t\t\t\t<time class=\"sp-event-date\" datetime=\"2025-08-16 10:30:39\" itemprop=\"startDate\" content=\"2025-08-16T10:30:39-05:00\">\n\t\t\t\t\t\t\t\t<a href=\"https:\/\/integracion.cordemo.org\/baloncestom\/event\/epm-vs-cartagena\/\">16\/08\/2025<\/a>\t\t\t\t\t\t\t<\/time>\n\t\t\t\t\t\t\t\t\t\t\t\t\t\t<h5 class=\"sp-event-results\">\n\t\t\t\t\t\t\t\t<a href=\"https:\/\/integracion.cordemo.org\/baloncestom\/event\/epm-vs-cartagena\/\"><span class=\"sp-result ok\">42<\/span> - <span class=\"sp-result\">31<\/span><\/a>\t\t\t\t\t\t\t<\/h5>\n\t\t\t\t\t\t\t\t\t\t\t\t\t\t\t\t\t\t\t\t\t\t\t\t\t\t\t\t\t\t\t\t\t\t\t\t<div style=\"display:none;\" class=\"sp-event-venue\" itemprop=\"location\" itemscope itemtype=\"http:\/\/schema.org\/Place\"><div itemprop=\"address\" itemscope itemtype=\"http:\/\/schema.org\/PostalAddress\">N\/A<\/div><\/div>\n\t\t\t\t\t\t\t\t\t\t\t\t\t\t<h4 class=\"sp-event-title\" itemprop=\"name\">\n\t\t\t\t\t\t\t\t<a href=\"https:\/\/integracion.cordemo.org\/baloncestom\/event\/epm-vs-cartagena\/\">Epm vs Cartagena<\/a>\t\t\t\t\t\t\t<\/h4>\n\t\t\t\t\t\t\t\n\t\t\t\t\t\t<\/td>\n\t\t\t\t\t<\/tr>\n\t\t\t\t\t\t\t\t\t\t<tr class=\"sp-row sp-post\" itemscope itemtype=\"http:\/\/schema.org\/SportsEvent\">\n\t\t\t\t\t\t<td>\n\t\t\t\t\t\t\t\t\t\t\t\t\t\t<span class=\"team-logo logo-odd\" title=\"Cauca\"><img loading=\"lazy\" decoding=\"async\" width=\"114\" height=\"128\" src=\"https:\/\/integracion.cordemo.org\/baloncestom\/wp-content\/uploads\/sites\/3\/2025\/08\/cauca.png\" class=\"attachment-sportspress-fit-icon size-sportspress-fit-icon wp-post-image\" alt=\"\" \/><\/span> <span class=\"team-logo logo-even\" title=\"San Andres\"><img loading=\"lazy\" decoding=\"async\" width=\"107\" height=\"128\" src=\"https:\/\/integracion.cordemo.org\/baloncestom\/wp-content\/uploads\/sites\/3\/2025\/08\/san-andres.png\" class=\"attachment-sportspress-fit-icon size-sportspress-fit-icon wp-post-image\" alt=\"\" \/><\/span>\t\t\t\t\t\t\t<time class=\"sp-event-date\" datetime=\"2025-08-16 18:00:25\" itemprop=\"startDate\" content=\"2025-08-16T18:00:25-05:00\">\n\t\t\t\t\t\t\t\t<a href=\"https:\/\/integracion.cordemo.org\/baloncestom\/event\/cauca-vs-san-andres\/\">16\/08\/2025<\/a>\t\t\t\t\t\t\t<\/time>\n\t\t\t\t\t\t\t\t\t\t\t\t\t\t<h5 class=\"sp-event-results\">\n\t\t\t\t\t\t\t\t<a href=\"https:\/\/integracion.cordemo.org\/baloncestom\/event\/cauca-vs-san-andres\/\"><span class=\"sp-result ok\">1<\/span> - <span class=\"sp-result\">2<\/span><\/a>\t\t\t\t\t\t\t<\/h5>\n\t\t\t\t\t\t\t\t\t\t\t\t\t\t\t\t\t\t\t\t\t\t\t\t\t\t\t\t\t\t\t\t\t\t\t\t<div style=\"display:none;\" class=\"sp-event-venue\" itemprop=\"location\" itemscope itemtype=\"http:\/\/schema.org\/Place\"><div itemprop=\"address\" itemscope itemtype=\"http:\/\/schema.org\/PostalAddress\">N\/A<\/div><\/div>\n\t\t\t\t\t\t\t\t\t\t\t\t\t\t<h4 class=\"sp-event-title\" itemprop=\"name\">\n\t\t\t\t\t\t\t\t<a href=\"https:\/\/integracion.cordemo.org\/baloncestom\/event\/cauca-vs-san-andres\/\">Cauca vs San Andres<\/a>\t\t\t\t\t\t\t<\/h4>\n\t\t\t\t\t\t\t\n\t\t\t\t\t\t<\/td>\n\t\t\t\t\t<\/tr>\n\t\t\t\t\t\t\t\t<\/tbody>\n\t\t<\/table>\n\t<\/div>\n\t<\/div>\n<\/div>\n<div class=\"sportspress sp-widget-align-none\"><div class=\"sp-template sp-template-league-table\">\n\t<h4 class=\"sp-table-caption\">Tabla de posiciones grupo unico<\/h4><div class=\"sp-table-wrapper\"><table class=\"sp-league-table sp-league-table-245 sp-data-table sp-sortable-table sp-scrollable-table sp-paginated-table\" data-sp-rows=\"10\"><thead><tr><th class=\"data-rank\">Pos<\/th><th class=\"data-name\">Equipo<\/th><th class=\"data-w\">PJ<\/th><th class=\"data-l\">PG<\/th><th class=\"data-pct\">PP<\/th><th class=\"data-gb\">CA<\/th><th class=\"data-home\">CC<\/th><th class=\"data-road\">COSC<\/th><th class=\"data-lten\">Pts<\/th><\/tr><\/thead><tbody><tr class=\"odd sp-row-no-0\"><td class=\"data-rank\" data-label=\"Pos\">1<\/td><td class=\"data-name has-logo\" data-label=\"Equipo\"><span class=\"team-logo\"><img loading=\"lazy\" decoding=\"async\" width=\"107\" height=\"128\" src=\"https:\/\/integracion.cordemo.org\/baloncestom\/wp-content\/uploads\/sites\/3\/2025\/08\/san-andres.png\" class=\"attachment-sportspress-fit-icon size-sportspress-fit-icon wp-post-image\" alt=\"\" \/><\/span>San Andres<\/td><td class=\"data-w\" data-label=\"PJ\">3<\/td><td class=\"data-l\" data-label=\"PG\">3<\/td><td class=\"data-pct\" data-label=\"PP\">0<\/td><td class=\"data-gb\" data-label=\"CA\">123<\/td><td class=\"data-home\" data-label=\"CC\">71<\/td><td class=\"data-road\" data-label=\"COSC\">2<\/td><td class=\"data-lten\" data-label=\"Pts\">6<\/td><\/tr><tr class=\"even sp-row-no-1\"><td class=\"data-rank\" data-label=\"Pos\">2<\/td><td class=\"data-name has-logo\" data-label=\"Equipo\"><span class=\"team-logo\"><img loading=\"lazy\" decoding=\"async\" width=\"107\" height=\"128\" src=\"https:\/\/integracion.cordemo.org\/baloncestom\/wp-content\/uploads\/sites\/3\/2025\/08\/epm-med.jpg\" class=\"attachment-sportspress-fit-icon size-sportspress-fit-icon wp-post-image\" alt=\"\" \/><\/span>Epm<\/td><td class=\"data-w\" data-label=\"PJ\">3<\/td><td class=\"data-l\" data-label=\"PG\">2<\/td><td class=\"data-pct\" data-label=\"PP\">1<\/td><td class=\"data-gb\" data-label=\"CA\">134<\/td><td class=\"data-home\" data-label=\"CC\">111<\/td><td class=\"data-road\" data-label=\"COSC\">1<\/td><td class=\"data-lten\" data-label=\"Pts\">5<\/td><\/tr><tr class=\"odd sp-row-no-2\"><td class=\"data-rank\" data-label=\"Pos\">3<\/td><td class=\"data-name has-logo\" data-label=\"Equipo\"><span class=\"team-logo\"><img loading=\"lazy\" decoding=\"async\" width=\"128\" height=\"128\" src=\"https:\/\/integracion.cordemo.org\/baloncestom\/wp-content\/uploads\/sites\/3\/2025\/08\/cartagena.png\" class=\"attachment-sportspress-fit-icon size-sportspress-fit-icon wp-post-image\" alt=\"\" \/><\/span>Cartagena<\/td><td class=\"data-w\" data-label=\"PJ\">3<\/td><td class=\"data-l\" data-label=\"PG\">1<\/td><td class=\"data-pct\" data-label=\"PP\">2<\/td><td class=\"data-gb\" data-label=\"CA\">88<\/td><td class=\"data-home\" data-label=\"CC\">116<\/td><td class=\"data-road\" data-label=\"COSC\">1<\/td><td class=\"data-lten\" data-label=\"Pts\">4<\/td><\/tr><tr class=\"even sp-row-no-3\"><td class=\"data-rank\" data-label=\"Pos\">4<\/td><td class=\"data-name has-logo\" data-label=\"Equipo\"><span class=\"team-logo\"><img loading=\"lazy\" decoding=\"async\" width=\"114\" height=\"128\" src=\"https:\/\/integracion.cordemo.org\/baloncestom\/wp-content\/uploads\/sites\/3\/2025\/08\/cauca.png\" class=\"attachment-sportspress-fit-icon size-sportspress-fit-icon wp-post-image\" alt=\"\" \/><\/span>Cauca<\/td><td class=\"data-w\" data-label=\"PJ\">3<\/td><td class=\"data-l\" data-label=\"PG\">0<\/td><td class=\"data-pct\" data-label=\"PP\">3<\/td><td class=\"data-gb\" data-label=\"CA\">34<\/td><td class=\"data-home\" data-label=\"CC\">81<\/td><td class=\"data-road\" data-label=\"COSC\">0<\/td><td class=\"data-lten\" data-label=\"Pts\">3<\/td><\/tr><\/tbody><\/table><\/div><\/div>\n<\/div>\n","protected":false},"excerpt":{"rendered":"<p>Podio Baloncesto Masculino SAN ANDR\u00c9S Campe\u00f3n EPM-MED Subcampe\u00f3n CARTAGENA Tercer puesto<\/p>\n","protected":false},"author":1,"featured_media":0,"parent":0,"menu_order":0,"comment_status":"closed","ping_status":"closed","template":"","meta":{"footnotes":""},"class_list":["post-123","page","type-page","status-publish","hentry"],"_links":{"self":[{"href":"https:\/\/integracion.cordemo.org\/baloncestom\/wp-json\/wp\/v2\/pages\/123","targetHints":{"allow":["GET"]}}],"collection":[{"href":"https:\/\/integracion.cordemo.org\/baloncestom\/wp-json\/wp\/v2\/pages"}],"about":[{"href":"https:\/\/integracion.cordemo.org\/baloncestom\/wp-json\/wp\/v2\/types\/page"}],"author":[{"embeddable":true,"href":"https:\/\/integracion.cordemo.org\/baloncestom\/wp-json\/wp\/v2\/users\/1"}],"replies":[{"embeddable":true,"href":"https:\/\/integracion.cordemo.org\/baloncestom\/wp-json\/wp\/v2\/comments?post=123"}],"version-history":[{"count":11,"href":"https:\/\/integracion.cordemo.org\/baloncestom\/wp-json\/wp\/v2\/pages\/123\/revisions"}],"predecessor-version":[{"id":289,"href":"https:\/\/integracion.cordemo.org\/baloncestom\/wp-json\/wp\/v2\/pages\/123\/revisions\/289"}],"wp:attachment":[{"href":"https:\/\/integracion.cordemo.org\/baloncestom\/wp-json\/wp\/v2\/media?parent=123"}],"curies":[{"name":"wp","href":"https:\/\/api.w.org\/{rel}","templated":true}]}}