{"id":51,"date":"2025-08-09T06:47:41","date_gmt":"2025-08-09T11:47:41","guid":{"rendered":"https:\/\/integracion.cordemo.org\/vpm\/?page_id=51"},"modified":"2025-08-29T06:37:33","modified_gmt":"2025-08-29T11:37:33","slug":"2025-2","status":"publish","type":"page","link":"https:\/\/integracion.cordemo.org\/vpm\/","title":{"rendered":"2025"},"content":{"rendered":"<p><img loading=\"lazy\" decoding=\"async\" class=\"alignnone size-full wp-image-43\" src=\"https:\/\/integracion.cordemo.org\/vpm\/wp-content\/uploads\/sites\/11\/2025\/08\/VI-juegos-2025.jpg\" alt=\"\" width=\"2496\" height=\"1132\" srcset=\"https:\/\/integracion.cordemo.org\/vpm\/wp-content\/uploads\/sites\/11\/2025\/08\/VI-juegos-2025.jpg 2496w, https:\/\/integracion.cordemo.org\/vpm\/wp-content\/uploads\/sites\/11\/2025\/08\/VI-juegos-2025-300x136.jpg 300w, https:\/\/integracion.cordemo.org\/vpm\/wp-content\/uploads\/sites\/11\/2025\/08\/VI-juegos-2025-1024x464.jpg 1024w, https:\/\/integracion.cordemo.org\/vpm\/wp-content\/uploads\/sites\/11\/2025\/08\/VI-juegos-2025-768x348.jpg 768w, https:\/\/integracion.cordemo.org\/vpm\/wp-content\/uploads\/sites\/11\/2025\/08\/VI-juegos-2025-1536x697.jpg 1536w, https:\/\/integracion.cordemo.org\/vpm\/wp-content\/uploads\/sites\/11\/2025\/08\/VI-juegos-2025-2048x929.jpg 2048w, https:\/\/integracion.cordemo.org\/vpm\/wp-content\/uploads\/sites\/11\/2025\/08\/VI-juegos-2025-128x58.jpg 128w, https:\/\/integracion.cordemo.org\/vpm\/wp-content\/uploads\/sites\/11\/2025\/08\/VI-juegos-2025-32x15.jpg 32w\" sizes=\"auto, (max-width: 2496px) 100vw, 2496px\" \/><\/p>\n<div class=\"resultados-bloque\">\n<h2 class=\"titulo-podio\">Podio Voleiplaya Masculino<\/h2>\n<div class=\"contenedor\">\n<div class=\"card\">\n      <img decoding=\"async\" src=\"https:\/\/integracion.cordemo.org\/vpm\/wp-content\/uploads\/sites\/11\/2025\/08\/cartagena.png\" alt=\"Cartagena\"><\/p>\n<h3>CARTAGENA<\/h3>\n<p>Campe\u00f3n<\/p>\n<\/p><\/div>\n<div class=\"card\">\n      <img decoding=\"async\" src=\"https:\/\/integracion.cordemo.org\/vpm\/wp-content\/uploads\/sites\/11\/2025\/08\/epm-med.jpg\" alt=\"Epm\"><\/p>\n<h3>EPM-MED<\/h3>\n<p>Subcampe\u00f3n<\/p>\n<\/p><\/div>\n<div class=\"card\">\n      <img decoding=\"async\" src=\"https:\/\/integracion.cordemo.org\/vpm\/wp-content\/uploads\/sites\/11\/2025\/08\/san-andres.png\" alt=\"San Andr\u00e9s\"><\/p>\n<h3>SAN ANDR\u00c9S<\/h3>\n<p>Tercer puesto<\/p>\n<\/p><\/div>\n<\/p><\/div>\n<\/div>\n<p><!-- Fuente Oswald -->\n<link href=\"https:\/\/fonts.googleapis.com\/css2?family=Oswald:wght@400;600&#038;display=swap\" rel=\"stylesheet\">\n<div class=\"sportspress sp-widget-align-none\"><h4 class=\"sp-table-caption\">Primera Fecha<\/h4><div class=\"sp-template sp-template-event-blocks\">\n\t<div class=\"sp-table-wrapper\">\n\t\t<table class=\"sp-event-blocks sp-data-table\n\t\t\t\t\t sp-paginated-table\" data-sp-rows=\"5\">\n\t\t\t<thead><tr><th><\/th><\/tr><\/thead> \t\t\t<tbody>\n\t\t\t\t\t\t\t\t\t<tr class=\"sp-row sp-post alternate\" itemscope itemtype=\"http:\/\/schema.org\/SportsEvent\">\n\t\t\t\t\t\t<td>\n\t\t\t\t\t\t\t\t\t\t\t\t\t\t<span class=\"team-logo logo-odd\" title=\"Epm\"><img loading=\"lazy\" decoding=\"async\" width=\"107\" height=\"128\" src=\"https:\/\/integracion.cordemo.org\/vpm\/wp-content\/uploads\/sites\/11\/2025\/08\/epm-med.jpg\" class=\"attachment-sportspress-fit-icon size-sportspress-fit-icon wp-post-image\" alt=\"\" \/><\/span> <span class=\"team-logo logo-even\" title=\"Cartagena\"><img loading=\"lazy\" decoding=\"async\" width=\"128\" height=\"128\" src=\"https:\/\/integracion.cordemo.org\/vpm\/wp-content\/uploads\/sites\/11\/2025\/08\/cartagena.png\" class=\"attachment-sportspress-fit-icon size-sportspress-fit-icon wp-post-image\" alt=\"\" \/><\/span>\t\t\t\t\t\t\t<time class=\"sp-event-date\" datetime=\"2025-08-14 13:00:33\" itemprop=\"startDate\" content=\"2025-08-14T13:00:33-05:00\">\n\t\t\t\t\t\t\t\t<a href=\"https:\/\/integracion.cordemo.org\/vpm\/event\/epm-cartagena\/\">14\/08\/2025<\/a>\t\t\t\t\t\t\t<\/time>\n\t\t\t\t\t\t\t\t\t\t\t\t\t\t<h5 class=\"sp-event-results\">\n\t\t\t\t\t\t\t\t<a href=\"https:\/\/integracion.cordemo.org\/vpm\/event\/epm-cartagena\/\"><span class=\"sp-result ok\">0<\/span> - <span class=\"sp-result\">2<\/span><\/a>\t\t\t\t\t\t\t<\/h5>\n\t\t\t\t\t\t\t\t\t\t\t\t\t\t\t\t\t\t\t\t\t\t\t\t\t\t\t\t\t\t\t\t\t\t\t\t<div style=\"display:none;\" class=\"sp-event-venue\" itemprop=\"location\" itemscope itemtype=\"http:\/\/schema.org\/Place\"><div itemprop=\"address\" itemscope itemtype=\"http:\/\/schema.org\/PostalAddress\">N\/A<\/div><\/div>\n\t\t\t\t\t\t\t\t\t\t\t\t\t\t<h4 class=\"sp-event-title\" itemprop=\"name\">\n\t\t\t\t\t\t\t\t<a href=\"https:\/\/integracion.cordemo.org\/vpm\/event\/epm-cartagena\/\">Epm - Cartagena<\/a>\t\t\t\t\t\t\t<\/h4>\n\t\t\t\t\t\t\t\n\t\t\t\t\t\t<\/td>\n\t\t\t\t\t<\/tr>\n\t\t\t\t\t\t\t\t\t\t<tr class=\"sp-row sp-post\" itemscope itemtype=\"http:\/\/schema.org\/SportsEvent\">\n\t\t\t\t\t\t<td>\n\t\t\t\t\t\t\t\t\t\t\t\t\t\t<span class=\"team-logo logo-odd\" title=\"Cartagena\"><img loading=\"lazy\" decoding=\"async\" width=\"128\" height=\"128\" src=\"https:\/\/integracion.cordemo.org\/vpm\/wp-content\/uploads\/sites\/11\/2025\/08\/cartagena.png\" class=\"attachment-sportspress-fit-icon size-sportspress-fit-icon wp-post-image\" alt=\"\" \/><\/span> <span class=\"team-logo logo-even\" title=\"San Andres\"><img loading=\"lazy\" decoding=\"async\" width=\"107\" height=\"128\" src=\"https:\/\/integracion.cordemo.org\/vpm\/wp-content\/uploads\/sites\/11\/2025\/08\/san-andres.png\" class=\"attachment-sportspress-fit-icon size-sportspress-fit-icon wp-post-image\" alt=\"\" \/><\/span>\t\t\t\t\t\t\t<time class=\"sp-event-date\" datetime=\"2025-08-14 17:00:27\" itemprop=\"startDate\" content=\"2025-08-14T17:00:27-05:00\">\n\t\t\t\t\t\t\t\t<a href=\"https:\/\/integracion.cordemo.org\/vpm\/event\/cartagena-san-andres\/\">14\/08\/2025<\/a>\t\t\t\t\t\t\t<\/time>\n\t\t\t\t\t\t\t\t\t\t\t\t\t\t<h5 class=\"sp-event-results\">\n\t\t\t\t\t\t\t\t<a href=\"https:\/\/integracion.cordemo.org\/vpm\/event\/cartagena-san-andres\/\"><span class=\"sp-result ok\">2<\/span> - <span class=\"sp-result\">0<\/span><\/a>\t\t\t\t\t\t\t<\/h5>\n\t\t\t\t\t\t\t\t\t\t\t\t\t\t\t\t\t\t\t\t\t\t\t\t\t\t\t\t\t\t\t\t\t\t\t\t<div style=\"display:none;\" class=\"sp-event-venue\" itemprop=\"location\" itemscope itemtype=\"http:\/\/schema.org\/Place\"><div itemprop=\"address\" itemscope itemtype=\"http:\/\/schema.org\/PostalAddress\">N\/A<\/div><\/div>\n\t\t\t\t\t\t\t\t\t\t\t\t\t\t<h4 class=\"sp-event-title\" itemprop=\"name\">\n\t\t\t\t\t\t\t\t<a href=\"https:\/\/integracion.cordemo.org\/vpm\/event\/cartagena-san-andres\/\">Cartagena - San Andres<\/a>\t\t\t\t\t\t\t<\/h4>\n\t\t\t\t\t\t\t\n\t\t\t\t\t\t<\/td>\n\t\t\t\t\t<\/tr>\n\t\t\t\t\t\t\t\t<\/tbody>\n\t\t<\/table>\n\t<\/div>\n\t<\/div>\n<\/div>\n<div class=\"sportspress sp-widget-align-none\"><h4 class=\"sp-table-caption\">Segunda Fecha<\/h4><div class=\"sp-template sp-template-event-blocks\">\n\t<div class=\"sp-table-wrapper\">\n\t\t<table class=\"sp-event-blocks sp-data-table\n\t\t\t\t\t sp-paginated-table\" data-sp-rows=\"5\">\n\t\t\t<thead><tr><th><\/th><\/tr><\/thead> \t\t\t<tbody>\n\t\t\t\t\t\t\t\t\t<tr class=\"sp-row sp-post alternate\" itemscope itemtype=\"http:\/\/schema.org\/SportsEvent\">\n\t\t\t\t\t\t<td>\n\t\t\t\t\t\t\t\t\t\t\t\t\t\t<span class=\"team-logo logo-odd\" title=\"Epm\"><img loading=\"lazy\" decoding=\"async\" width=\"107\" height=\"128\" src=\"https:\/\/integracion.cordemo.org\/vpm\/wp-content\/uploads\/sites\/11\/2025\/08\/epm-med.jpg\" class=\"attachment-sportspress-fit-icon size-sportspress-fit-icon wp-post-image\" alt=\"\" \/><\/span> <span class=\"team-logo logo-even\" title=\"Cartagena\"><img loading=\"lazy\" decoding=\"async\" width=\"128\" height=\"128\" src=\"https:\/\/integracion.cordemo.org\/vpm\/wp-content\/uploads\/sites\/11\/2025\/08\/cartagena.png\" class=\"attachment-sportspress-fit-icon size-sportspress-fit-icon wp-post-image\" alt=\"\" \/><\/span>\t\t\t\t\t\t\t<time class=\"sp-event-date\" datetime=\"2025-08-15 08:00:13\" itemprop=\"startDate\" content=\"2025-08-15T08:00:13-05:00\">\n\t\t\t\t\t\t\t\t<a href=\"https:\/\/integracion.cordemo.org\/vpm\/event\/epm-cartagena-2\/\">15\/08\/2025<\/a>\t\t\t\t\t\t\t<\/time>\n\t\t\t\t\t\t\t\t\t\t\t\t\t\t<h5 class=\"sp-event-results\">\n\t\t\t\t\t\t\t\t<a href=\"https:\/\/integracion.cordemo.org\/vpm\/event\/epm-cartagena-2\/\"><span class=\"sp-result ok\">1<\/span> - <span class=\"sp-result\">2<\/span><\/a>\t\t\t\t\t\t\t<\/h5>\n\t\t\t\t\t\t\t\t\t\t\t\t\t\t\t\t\t\t\t\t\t\t\t\t\t\t\t\t\t\t\t\t\t\t\t\t<div style=\"display:none;\" class=\"sp-event-venue\" itemprop=\"location\" itemscope itemtype=\"http:\/\/schema.org\/Place\"><div itemprop=\"address\" itemscope itemtype=\"http:\/\/schema.org\/PostalAddress\">N\/A<\/div><\/div>\n\t\t\t\t\t\t\t\t\t\t\t\t\t\t<h4 class=\"sp-event-title\" itemprop=\"name\">\n\t\t\t\t\t\t\t\t<a href=\"https:\/\/integracion.cordemo.org\/vpm\/event\/epm-cartagena-2\/\">Epm - Cartagena<\/a>\t\t\t\t\t\t\t<\/h4>\n\t\t\t\t\t\t\t\n\t\t\t\t\t\t<\/td>\n\t\t\t\t\t<\/tr>\n\t\t\t\t\t\t\t\t\t\t<tr class=\"sp-row sp-post\" itemscope itemtype=\"http:\/\/schema.org\/SportsEvent\">\n\t\t\t\t\t\t<td>\n\t\t\t\t\t\t\t\t\t\t\t\t\t\t<span class=\"team-logo logo-odd\" title=\"San Andres\"><img loading=\"lazy\" decoding=\"async\" width=\"107\" height=\"128\" src=\"https:\/\/integracion.cordemo.org\/vpm\/wp-content\/uploads\/sites\/11\/2025\/08\/san-andres.png\" class=\"attachment-sportspress-fit-icon size-sportspress-fit-icon wp-post-image\" alt=\"\" \/><\/span> <span class=\"team-logo logo-even\" title=\"Epm\"><img loading=\"lazy\" decoding=\"async\" width=\"107\" height=\"128\" src=\"https:\/\/integracion.cordemo.org\/vpm\/wp-content\/uploads\/sites\/11\/2025\/08\/epm-med.jpg\" class=\"attachment-sportspress-fit-icon size-sportspress-fit-icon wp-post-image\" alt=\"\" \/><\/span>\t\t\t\t\t\t\t<time class=\"sp-event-date\" datetime=\"2025-08-15 15:00:44\" itemprop=\"startDate\" content=\"2025-08-15T15:00:44-05:00\">\n\t\t\t\t\t\t\t\t<a href=\"https:\/\/integracion.cordemo.org\/vpm\/event\/san-andres-epm\/\">15\/08\/2025<\/a>\t\t\t\t\t\t\t<\/time>\n\t\t\t\t\t\t\t\t\t\t\t\t\t\t<h5 class=\"sp-event-results\">\n\t\t\t\t\t\t\t\t<a href=\"https:\/\/integracion.cordemo.org\/vpm\/event\/san-andres-epm\/\"><span class=\"sp-result ok\">0<\/span> - <span class=\"sp-result\">2<\/span><\/a>\t\t\t\t\t\t\t<\/h5>\n\t\t\t\t\t\t\t\t\t\t\t\t\t\t\t\t\t\t\t\t\t\t\t\t\t\t\t\t\t\t\t\t\t\t\t\t<div style=\"display:none;\" class=\"sp-event-venue\" itemprop=\"location\" itemscope itemtype=\"http:\/\/schema.org\/Place\"><div itemprop=\"address\" itemscope itemtype=\"http:\/\/schema.org\/PostalAddress\">N\/A<\/div><\/div>\n\t\t\t\t\t\t\t\t\t\t\t\t\t\t<h4 class=\"sp-event-title\" itemprop=\"name\">\n\t\t\t\t\t\t\t\t<a href=\"https:\/\/integracion.cordemo.org\/vpm\/event\/san-andres-epm\/\">San Andres - Epm<\/a>\t\t\t\t\t\t\t<\/h4>\n\t\t\t\t\t\t\t\n\t\t\t\t\t\t<\/td>\n\t\t\t\t\t<\/tr>\n\t\t\t\t\t\t\t\t<\/tbody>\n\t\t<\/table>\n\t<\/div>\n\t<\/div>\n<\/div>\n<div class=\"sportspress sp-widget-align-none\"><h4 class=\"sp-table-caption\">Tercera Fecha<\/h4><div class=\"sp-template sp-template-event-blocks\">\n\t<div class=\"sp-table-wrapper\">\n\t\t<table class=\"sp-event-blocks sp-data-table\n\t\t\t\t\t sp-paginated-table\" data-sp-rows=\"5\">\n\t\t\t<thead><tr><th><\/th><\/tr><\/thead> \t\t\t<tbody>\n\t\t\t\t\t\t\t\t\t<tr class=\"sp-row sp-post alternate\" itemscope itemtype=\"http:\/\/schema.org\/SportsEvent\">\n\t\t\t\t\t\t<td>\n\t\t\t\t\t\t\t\t\t\t\t\t\t\t<span class=\"team-logo logo-odd\" title=\"San Andres\"><img loading=\"lazy\" decoding=\"async\" width=\"107\" height=\"128\" src=\"https:\/\/integracion.cordemo.org\/vpm\/wp-content\/uploads\/sites\/11\/2025\/08\/san-andres.png\" class=\"attachment-sportspress-fit-icon size-sportspress-fit-icon wp-post-image\" alt=\"\" \/><\/span> <span class=\"team-logo logo-even\" title=\"Epm\"><img loading=\"lazy\" decoding=\"async\" width=\"107\" height=\"128\" src=\"https:\/\/integracion.cordemo.org\/vpm\/wp-content\/uploads\/sites\/11\/2025\/08\/epm-med.jpg\" class=\"attachment-sportspress-fit-icon size-sportspress-fit-icon wp-post-image\" alt=\"\" \/><\/span>\t\t\t\t\t\t\t<time class=\"sp-event-date\" datetime=\"2025-08-16 08:00:25\" itemprop=\"startDate\" content=\"2025-08-16T08:00:25-05:00\">\n\t\t\t\t\t\t\t\t<a href=\"https:\/\/integracion.cordemo.org\/vpm\/event\/san-andres-epm-2\/\">16\/08\/2025<\/a>\t\t\t\t\t\t\t<\/time>\n\t\t\t\t\t\t\t\t\t\t\t\t\t\t<h5 class=\"sp-event-results\">\n\t\t\t\t\t\t\t\t<a href=\"https:\/\/integracion.cordemo.org\/vpm\/event\/san-andres-epm-2\/\"><span class=\"sp-result ok\">0<\/span> - <span class=\"sp-result\">2<\/span><\/a>\t\t\t\t\t\t\t<\/h5>\n\t\t\t\t\t\t\t\t\t\t\t\t\t\t\t\t\t\t\t\t\t\t\t\t\t\t\t\t\t\t\t\t\t\t\t\t<div style=\"display:none;\" class=\"sp-event-venue\" itemprop=\"location\" itemscope itemtype=\"http:\/\/schema.org\/Place\"><div itemprop=\"address\" itemscope itemtype=\"http:\/\/schema.org\/PostalAddress\">N\/A<\/div><\/div>\n\t\t\t\t\t\t\t\t\t\t\t\t\t\t<h4 class=\"sp-event-title\" itemprop=\"name\">\n\t\t\t\t\t\t\t\t<a href=\"https:\/\/integracion.cordemo.org\/vpm\/event\/san-andres-epm-2\/\">San Andres - Epm<\/a>\t\t\t\t\t\t\t<\/h4>\n\t\t\t\t\t\t\t\n\t\t\t\t\t\t<\/td>\n\t\t\t\t\t<\/tr>\n\t\t\t\t\t\t\t\t\t\t<tr class=\"sp-row sp-post\" itemscope itemtype=\"http:\/\/schema.org\/SportsEvent\">\n\t\t\t\t\t\t<td>\n\t\t\t\t\t\t\t\t\t\t\t\t\t\t<span class=\"team-logo logo-odd\" title=\"Cartagena\"><img loading=\"lazy\" decoding=\"async\" width=\"128\" height=\"128\" src=\"https:\/\/integracion.cordemo.org\/vpm\/wp-content\/uploads\/sites\/11\/2025\/08\/cartagena.png\" class=\"attachment-sportspress-fit-icon size-sportspress-fit-icon wp-post-image\" alt=\"\" \/><\/span> <span class=\"team-logo logo-even\" title=\"San Andres\"><img loading=\"lazy\" decoding=\"async\" width=\"107\" height=\"128\" src=\"https:\/\/integracion.cordemo.org\/vpm\/wp-content\/uploads\/sites\/11\/2025\/08\/san-andres.png\" class=\"attachment-sportspress-fit-icon size-sportspress-fit-icon wp-post-image\" alt=\"\" \/><\/span>\t\t\t\t\t\t\t<time class=\"sp-event-date\" datetime=\"2025-08-16 15:00:21\" itemprop=\"startDate\" content=\"2025-08-16T15:00:21-05:00\">\n\t\t\t\t\t\t\t\t<a href=\"https:\/\/integracion.cordemo.org\/vpm\/event\/cartagena-san-andres-2\/\">16\/08\/2025<\/a>\t\t\t\t\t\t\t<\/time>\n\t\t\t\t\t\t\t\t\t\t\t\t\t\t<h5 class=\"sp-event-results\">\n\t\t\t\t\t\t\t\t<a href=\"https:\/\/integracion.cordemo.org\/vpm\/event\/cartagena-san-andres-2\/\"><span class=\"sp-result ok\">2<\/span> - <span class=\"sp-result\">0<\/span><\/a>\t\t\t\t\t\t\t<\/h5>\n\t\t\t\t\t\t\t\t\t\t\t\t\t\t\t\t\t\t\t\t\t\t\t\t\t\t\t\t\t\t\t\t\t\t\t\t<div style=\"display:none;\" class=\"sp-event-venue\" itemprop=\"location\" itemscope itemtype=\"http:\/\/schema.org\/Place\"><div itemprop=\"address\" itemscope itemtype=\"http:\/\/schema.org\/PostalAddress\">N\/A<\/div><\/div>\n\t\t\t\t\t\t\t\t\t\t\t\t\t\t<h4 class=\"sp-event-title\" itemprop=\"name\">\n\t\t\t\t\t\t\t\t<a href=\"https:\/\/integracion.cordemo.org\/vpm\/event\/cartagena-san-andres-2\/\">Cartagena - San Andres<\/a>\t\t\t\t\t\t\t<\/h4>\n\t\t\t\t\t\t\t\n\t\t\t\t\t\t<\/td>\n\t\t\t\t\t<\/tr>\n\t\t\t\t\t\t\t\t<\/tbody>\n\t\t<\/table>\n\t<\/div>\n\t<\/div>\n<\/div>\n<div class=\"sportspress sp-widget-align-none\"><div class=\"sp-template sp-template-league-table\">\n\t<h4 class=\"sp-table-caption\">Primera y Segunda Vuelta<\/h4><div class=\"sp-table-wrapper\"><table class=\"sp-league-table sp-league-table-96 sp-data-table sp-sortable-table sp-scrollable-table sp-paginated-table\" data-sp-rows=\"10\"><thead><tr><th class=\"data-rank\">Pos<\/th><th class=\"data-name\">Equipo<\/th><th class=\"data-p\">PJ<\/th><th class=\"data-w\">PG<\/th><th class=\"data-l\">PP<\/th><th class=\"data-pw\">PF<\/th><th class=\"data-pl\">PC<\/th><th class=\"data-ratio\">DP<\/th><th class=\"data-pts\">Pts<\/th><\/tr><\/thead><tbody><tr class=\"odd sp-row-no-0\"><td class=\"data-rank\" data-label=\"Pos\">1<\/td><td class=\"data-name has-logo\" data-label=\"Equipo\"><span class=\"team-logo\"><img loading=\"lazy\" decoding=\"async\" width=\"128\" height=\"128\" src=\"https:\/\/integracion.cordemo.org\/vpm\/wp-content\/uploads\/sites\/11\/2025\/08\/cartagena.png\" class=\"attachment-sportspress-fit-icon size-sportspress-fit-icon wp-post-image\" alt=\"\" \/><\/span>Cartagena<\/td><td class=\"data-p\" data-label=\"PJ\">4<\/td><td class=\"data-w\" data-label=\"PG\">4<\/td><td class=\"data-l\" data-label=\"PP\">0<\/td><td class=\"data-pw\" data-label=\"PF\">8<\/td><td class=\"data-pl\" data-label=\"PC\">1<\/td><td class=\"data-ratio\" data-label=\"DP\">8.000<\/td><td class=\"data-pts\" data-label=\"Pts\">12<\/td><\/tr><tr class=\"even sp-row-no-1\"><td class=\"data-rank\" data-label=\"Pos\">2<\/td><td class=\"data-name has-logo\" data-label=\"Equipo\"><span class=\"team-logo\"><img loading=\"lazy\" decoding=\"async\" width=\"107\" height=\"128\" src=\"https:\/\/integracion.cordemo.org\/vpm\/wp-content\/uploads\/sites\/11\/2025\/08\/epm-med.jpg\" class=\"attachment-sportspress-fit-icon size-sportspress-fit-icon wp-post-image\" alt=\"\" \/><\/span>Epm<\/td><td class=\"data-p\" data-label=\"PJ\">4<\/td><td class=\"data-w\" data-label=\"PG\">2<\/td><td class=\"data-l\" data-label=\"PP\">2<\/td><td class=\"data-pw\" data-label=\"PF\">5<\/td><td class=\"data-pl\" data-label=\"PC\">4<\/td><td class=\"data-ratio\" data-label=\"DP\">1.250<\/td><td class=\"data-pts\" data-label=\"Pts\">6<\/td><\/tr><tr class=\"odd sp-row-no-2\"><td class=\"data-rank\" data-label=\"Pos\">3<\/td><td class=\"data-name has-logo\" data-label=\"Equipo\"><span class=\"team-logo\"><img loading=\"lazy\" decoding=\"async\" width=\"107\" height=\"128\" src=\"https:\/\/integracion.cordemo.org\/vpm\/wp-content\/uploads\/sites\/11\/2025\/08\/san-andres.png\" class=\"attachment-sportspress-fit-icon size-sportspress-fit-icon wp-post-image\" alt=\"\" \/><\/span>San Andres<\/td><td class=\"data-p\" data-label=\"PJ\">4<\/td><td class=\"data-w\" data-label=\"PG\">0<\/td><td class=\"data-l\" data-label=\"PP\">4<\/td><td class=\"data-pw\" data-label=\"PF\">0<\/td><td class=\"data-pl\" data-label=\"PC\">8<\/td><td class=\"data-ratio\" data-label=\"DP\">0.000<\/td><td class=\"data-pts\" data-label=\"Pts\">0<\/td><\/tr><\/tbody><\/table><\/div><\/div>\n<\/div>\n","protected":false},"excerpt":{"rendered":"<p>Podio Voleiplaya Masculino CARTAGENA Campe\u00f3n EPM-MED Subcampe\u00f3n SAN ANDR\u00c9S Tercer puesto<\/p>\n","protected":false},"author":1,"featured_media":0,"parent":0,"menu_order":0,"comment_status":"closed","ping_status":"closed","template":"","meta":{"footnotes":""},"class_list":["post-51","page","type-page","status-publish","hentry"],"_links":{"self":[{"href":"https:\/\/integracion.cordemo.org\/vpm\/wp-json\/wp\/v2\/pages\/51","targetHints":{"allow":["GET"]}}],"collection":[{"href":"https:\/\/integracion.cordemo.org\/vpm\/wp-json\/wp\/v2\/pages"}],"about":[{"href":"https:\/\/integracion.cordemo.org\/vpm\/wp-json\/wp\/v2\/types\/page"}],"author":[{"embeddable":true,"href":"https:\/\/integracion.cordemo.org\/vpm\/wp-json\/wp\/v2\/users\/1"}],"replies":[{"embeddable":true,"href":"https:\/\/integracion.cordemo.org\/vpm\/wp-json\/wp\/v2\/comments?post=51"}],"version-history":[{"count":6,"href":"https:\/\/integracion.cordemo.org\/vpm\/wp-json\/wp\/v2\/pages\/51\/revisions"}],"predecessor-version":[{"id":114,"href":"https:\/\/integracion.cordemo.org\/vpm\/wp-json\/wp\/v2\/pages\/51\/revisions\/114"}],"wp:attachment":[{"href":"https:\/\/integracion.cordemo.org\/vpm\/wp-json\/wp\/v2\/media?parent=51"}],"curies":[{"name":"wp","href":"https:\/\/api.w.org\/{rel}","templated":true}]}}